k be 2*w + -10 + -2 + 9. Determine o(k).
-14
Suppose -4*o = 2*c - 26, o - 17 = -3*c + c. Let w(f) = 41*f**2 - 12*f - 10. Let d(b) = -36*b**2 + 11*b + 10. Let a(p) = 8*d(p) + 7*w(p). Determine a(c).
-11
Let x(p) = -10*p**3 + 8*p**2 - 4. Let v(i) = 11*i**3 - 6*i**2 + 3. Let n(d) = -5*v(d) - 4*x(d). What is n(-1)?
14
Let r(d) = -3*d. Suppose 0*h - 315 = 7*h. Let a be (28/(-35))/(6/h). What is r(a)?
-18
Let f(n) = -n**3 + n**2 + 4 - 5 + 0. Suppose -2*x + 4*x - 40 = 0. Let h = x - 21. Determine f(h).
1
Let a(h) = -4*h - 10. Let d = 337 + -343. Calculate a(d).
14
Suppose 664*z - 665*z + 13 = 0. Let h(u) be the first derivative of -z - 7/2*u**2 - 3*u. Give h(-2).
11
Suppose -3*o = z - 27, 4*o + 2*z + z = 36. Let b be (-11)/(-2) - o/6. Suppose t - b*t = 3, -5*s + 3*t = -13. Let v(x) = -3*x**2 + x + 1. What is v(s)?
-9
Let g(k) be the first derivative of -k**2/2 + 4*k + 10. Suppose -w - 4*y - 10 = -0*w, 0 = -3*w - 2*y. Let p be (6 + -9)*(-1 + w). Determine g(p).
7
Let d(h) = -h + 2*h - 10 + h. Let i = -34 + 37. Let p be 9 - (i + 3) - -5. Calculate d(p).
6
Suppose 0 = 7*d - 8 + 15. Let s(t) be the third derivative of t**4/12 - t**3/6 - t**2. Give s(d).
-3
Let o(p) = 2*p**2 + 14*p + 10. Let s(i) = -i**2 - 1. Let t(x) = o(x) + 5*s(x). Let r be t(5). Let w(m) = 4 - m**2 + m + 7 + m**3 - 3. Calculate w(r).
8
Let y be ((-6)/(-5))/((-24)/60). Let r(u) = 3*u - 1 + 2*u**2 + 4*u**2 - 9*u**2 - u**3. Calculate r(y).
-10
Let w(u) = -9*u**2 + u. Let t(g) = g**2 + 3*g - 1. Let v be t(-3). Let f be (-3)/(-12)*0 - v. What is w(f)?
-8
Let l(o) = o**3 - 3*o**2 + o + 2. Suppose -20*a - 8*a = -84. Determine l(a).
5
Let i(g) = -367 - g - g + 4*g + 369 + 6*g**2. Calculate i(-2).
22
Suppose 14*i + 1054 = 1110. Let u(h) = -h**3 + 4*h**2 - 4*h + 9. What is u(i)?
-7
Let l(g) be the third derivative of -g**5/60 - 7*g**4/24 + 2*g**3/3 + 2*g**2 + 66*g. Calculate l(-9).
-14
Suppose -14 = -2*d + 12. Suppose i - 1 = d. Let y(l) = -2*l + 11 - 19 + i. Calculate y(5).
-4
Let b(g) = g**3 + 18*g**2 + 17*g + 6. Suppose -w = -3*f + 29, w - 13*f = -16*f - 5. Give b(w).
6
Let b(q) = -1. Let u(j) = 4*j - 12. Suppose 2*y + 20 = -0*y. Let n(s) = -s**3 - 10*s**2 + s + 9. Let h be n(y). Let k(t) = h*u(t) + 12*b(t). Give k(-1).
4
Let o be ((-4)/3)/((-22)/33). Suppose -o*y - 2*l - l = 4, 0 = y - 5*l + 2. Let a(z) = -3*z**2 - z + 2. What is a(y)?
-8
Let i = -2 - -5. Let u(q) = 2*q - 63*q**2 + 41*q**2 + q**3 + 24*q**2 - 2*q**3 + 1 + q. Calculate u(i).
1
Let p(o) = -o - 1. Let v be ((-10)/(-5)*-2)/(2/(-8)). Let c(a) = -3*a + 46. Let h be c(v). Give p(h).
1
Let k be 3/(-2) + 143/22. Let i(g) = -5*g**3 - g**2 + 1. Let t be i(-1). Suppose 2*s + 18 = -s - 3*n, -k*s + t*n = 10. Let a(l) = l**2 + 4*l - 2. What is a(s)?
-2
Let y be 5/((-10)/(-4)) - 2. Suppose y = -g + 5*t - 13, -3*g = -0*t - t - 3. Let m be g + (-4 + 1 - -5). Let n(r) = -r**2 + 4*r. Give n(m).
0
Let n(j) = -j**2 - j + 5. Let q(f) = f**2 - 12*f + 29. Let p be q(9). Let w be n(p). Let k(r) = -3*r**3 - r - 1. Calculate k(w).
3
Let z(b) be the third derivative of b**4/12 - b**3/6 - 12*b**2. Suppose -6*m + m = -4*x + 32, -4*m - 7 = 3*x. Determine z(m).
-9
Let k(c) = 19*c - 9. Let v(s) = -9*s + 3. Let f(b) = 3*k(b) + 7*v(b). What is f(-2)?
6
Let u(s) = 3*s - 4 - 6*s**2 + 13 + 8*s**2 - 11. Give u(-4).
18
Let p(q) be the third derivative of q**4/2 + 2*q**2 - 9*q. Suppose 7 - 3 = 4*v. Suppose v = -3*g - 2. Calculate p(g).
-12
Suppose 0 = -3*g + 3*h + 39, -5*h + 7 = -g - 0. Suppose g = -13*x + 83. Let p(t) = t - 1. Calculate p(x).
4
Let n(z) be the third derivative of -z**6/120 - z**4/12 + z**3/3 + z**2. Suppose -25*u + 8*u = -34. What is n(u)?
-10
Let h(x) = -12*x**2 + 5*x - 16. Let q(c) = -11*c**2 + 5*c - 12. Let w(n) = 2*h(n) - 3*q(n). Calculate w(2).
30
Let u(x) be the third derivative of x**6/120 - 11*x**5/60 - x**3/2 + 133*x**2. What is u(11)?
-3
Suppose 178 = 2*y - 0*y. Suppose -4*i + y = 4*t + i, -t + 20 = -i. Suppose u = -c - 5 - 0, 3*u = 3*c + t. Let v(r) = -r**2 - 8*r - 6. Give v(c).
6
Let i(p) = 11*p - 24. Let n(k) = 2*k - 2. Let o(u) = i(u) - 6*n(u). Determine o(-5).
-7
Let x(g) = -g**2 + 1. Let q(s) = s - 3. Let r be q(7). Suppose 0 = -3*m + 4*v - 7*v - 3, -3*m = -r*v - 4. Let n be x(m). Let b(k) = -k**2. Give b(n).
-1
Let u(p) = 40*p**2 + 36*p + 108. Let h(o) = -o**2 - o - 3. Let l(x) = -72*h(x) - 2*u(x). Calculate l(1).
-8
Let p(a) = 1193*a - 595*a + 9 - 596*a. Give p(-7).
-5
Let b(d) be the first derivative of 0*d**2 - 1/120*d**5 + 0*d - 7/24*d**4 + d**3 + 3. Let p(c) be the third derivative of b(c). What is p(-6)?
-1
Let n(d) be the first derivative of -5*d - 2/3*d**3 - 2*d**2 + 2. Let t(g) be the first derivative of n(g). Calculate t(-3).
8
Let s = -83 - -85. Suppose 5 = s*i - 3. Let r(g) = -g**2 + 6*g - 5. Determine r(i).
3
Suppose -6 = 3*u - 0*u. Let l(o) be the first derivative of -7 + 0*o + 1/4*o**4 + 2/3*o**3 + 1/2*o**2. Determine l(u).
-2
Let b = -1503 + 1500. Let z(t) be the second derivative of t**5/20 + 5*t**4/12 + t**3/6 - 3*t**2/2 + t. What is z(b)?
12
Let j(f) be the third derivative of f**4/24 - 11*f**3/6 + 12*f**2. Let a(s) = 1. Let l(x) = 5*a(x) + j(x). What is l(5)?
-1
Let q(u) = -u**3 + 6*u**2 + 8*u - 5. Let v be q(7). Suppose 28 = -0*s + 4*s + 2*w, 2*w = 0. Let f(i) = i**v + 3*i + s*i - 4*i - 5. What is f(-5)?
-10
Let c(w) = w**3 + w**2 + 6. Let f be (-2 - -2)/(4/(-2)). Suppose f = -g - g. Suppose g = -0*y + 4*y. Give c(y).
6
Let c = 46 + -1. Suppose 2*w - 1 = c. Let o(a) = -21 + w - 12 + a. Determine o(8).
-2
Let s(q) = 3*q**2 + 4*q - 5. Let d(k) = k**2 + k - 1. Let n(c) = 6*d(c) - s(c). Let g be (-1)/(((-6)/8)/(3/2)). Determine n(g).
15
Let u(n) = n**3 - 3*n + 3. Suppose 0*p - 3*p = -2*g + 1, -2*p - 6 = -4*g. Determine u(g).
5
Let y(u) = u**3 - 14*u**2 + 11*u + 12. Suppose 4*a = 5*f + 47, 39*a - 40*a + 12 = -f. Give y(a).
-14
Let l(y) = y**3 - 9*y**2 - 10*y - 6. Suppose 11*i = 174 - 64. Give l(i).
-6
Let s = -8 - -10. Let n be (2 - 5) + (-6)/s. Let r(o) = o**3 + 5*o**2 - 6*o - 6. What is r(n)?
-6
Let d(n) = -n + 2. Let x be d(-5). Suppose x*f = 3*f + 4. Let i be f - (-3 + (-1 - -4)). Let a(k) = 6*k**2 - k + 1. What is a(i)?
6
Let x(v) = -v**2 + 1. Let h(k) = k**3 + 4*k**2 + k + 9. Let d(a) = -h(a) + 3*x(a). Calculate d(-7).
1
Let p be (-30)/4*(-16)/(-24). Let k(m) = 4. Let d(n) = n - 7. Suppose 4*s - 19 = 1. Let g(i) = s*k(i) + 2*d(i). Calculate g(p).
-4
Let y(w) = w**2 + 4*w - 17. Let a(p) = 4*p**2 - 2*p**2 + 25 - 3*p**2 - 5*p - 7. Let i(c) = -3*a(c) - 4*y(c). What is i(0)?
14
Let c(q) = 5*q**2 + 10*q - 10. Let r(p) = -p**2 - p + 1. Let m(s) = -c(s) - 6*r(s). What is m(4)?
4
Let k(c) = 2*c**2 - 3 + 4 - 2 - 3*c - 6*c**2. Let m(y) = -7*y**2 - 5*y - 2. Let o(j) = 5*k(j) - 3*m(j). Determine o(-1).
2
Let l(s) = 2*s - 1. Let x(j) = -2*j + 3. Let i(v) = -7*l(v) - 6*x(v). Calculate i(-9).
7
Let r(w) be the second derivative of w**6/360 + w**5/120 - 7*w**4/24 + w**3/2 - 9*w. Let t(x) be the second derivative of r(x). What is t(0)?
-7
Suppose -t + 1 = 5*v - 18, -5*t = -5*v + 25. Let q(s) = -s + 12. Let x(z) = 3*z - 43. Let d(c) = -7*q(c) - 2*x(c). What is d(v)?
6
Let t(v) = -5*v + 2*v**2 + 6*v + 2 - 1 + v**3 + 6*v**3 + v. Give t(-1).
-6
Suppose -5 = -5*c - 0. Let h(d) = d**3 - d**2. Let y(o) = 2*o**2 - o - 7. Let x(z) = c*h(z) + y(z). Suppose 4*s = -2*k, k = -5*s + 6*k. Determine x(s).
-7
Suppose -1 = -5*r - 11. Let q be 5780/(-90) - r/9. Let u be (-2)/(-5) + q/10. Let x(g) = -g**3 - 7*g**2 - 3*g + 7. Give x(u).
-11
Let i = 36 - 38. Let u(h) = h**2 + 3 - h - 8 + 5 + 1. What is u(i)?
7
Let j(t) = -t + 12. Suppose -4*m = -49 + 25. Calculate j(m).
6
Suppose 0 = 2*y - 2 - 10. Let m(k) = -2*k**2 + 4*k + 1. Let x(z) = -3*z**2 + 7*z + 3. Let o(g) = -4*m(g) + 3*x(g). Calculate o(y).
-1
Suppose 24*t - 42 = -306. Let r(s) = -3*s - 14. Calculate r(t).
19
Suppose 15*r = 7 + 8. Let d(y) = -57*y + 52*y + r - 2 - 5. Determine d(-4).
14
Let u = 60 + -58. Suppose -4*p = p - 15. Let l(t) = -1 - t + u + p - t. Determine l(4).
-4
Let n(m) = -44*m + 10. Let t(x) = -27*x + 6. Let l(r) = -5*n(r) + 8*t(r). Suppose 0 = 2*i + 4*k + 16, 0*i = -2*i - 5*k - 21. What is l(i)?
6
Let o(d) = 10*d**3 - d**2 - d - 1. Let x(s) be the third derivative of -s**5/30 + s**4 - 23*s**3/6 - 15*s**2. Let q be x(11). Calculate o(q).
-11
Let z(k) = -92*k**2 + 1 + 4